4
Let n(b) = -b**3 - 7*b**2 + 3*b - 10. Calculate n(-7).
-31
Let u(z) = -4*z - 22. Give u(-9).
14
Let f(s) = s**3 + 22*s**2 - 3*s - 29. Determine f(-22).
37
Let z(d) = -60*d - 296. What is z(-5)?
4
Let m(r) = -r**3 + 7*r**2 + 5*r + 8. Give m(7).
43
Let t(o) = o - 1. Give t(-8).
-9
Let g(k) = -k**3 - 5*k**2 - 3*k - 7. Give g(-5).
8
Let a(n) = n**3 - 15*n**2 - 15*n - 20. Calculate a(16).
-4
Let s(c) = 11*c**2 - 5*c + 2. What is s(1)?
8
Let w(i) = -i**2 + 20*i + 56. Determine w(23).
-13
Let q(w) = -w**2 - 2*w + 4. What is q(-3)?
1
Let m(n) = n**2 + 30*n + 97. Give m(-26).
-7
Let s(k) = -9*k + 126. What is s(14)?
0
Let m(u) = -2*u**2 - 26*u - 55. Determine m(-10).
5
Let u(h) = 21*h + 2. Determine u(-2).
-40
Let d(g) = g**3 + 4*g**2 - 4*g - 6. Give d(-5).
-11
Let h(c) = c**3 + 7*c**2 + 7*c + 3. Calculate h(-6).
-3
Let z(f) = 2*f - 11. Give z(4).
-3
Let j(m) = m**3 - 5*m**2 + m + 8. Determine j(5).
13
Let g(j) = 13*j + 267. What is g(-20)?
7
Let y(o) = o**2 + 20*o + 97. Calculate y(-9).
-2
Let b(f) = f**3 - 4*f**2 - 7*f + 3. Determine b(5).
-7
Let l(o) = -8*o - 3. Give l(5).
-43
Let f(a) = a**2 + a - 12. Calculate f(-4).
0
Let w(g) = -g**3 - 5*g**2 - 7*g + 7. Determine w(-3).
10
Let a(y) = y**3 + 8*y**2 + 9*y + 1. Determine a(-8).
-71
Let q(f) = f**2 - 5*f + 4. Determine q(4).
0
Let o(i) = -2*i**2 - 11*i - 5. Give o(-4).
7
Let y(s) = -17*s + 93. Give y(5).
8
Let s(f) = -6*f**2 - f + 6. What is s(-4)?
-86
Let k(y) = -y**2 + y - 6. Determine k(4).
-18
Let l(s) = s**3 + 5*s**2 - 3*s - 1. Calculate l(3).
62
Let o(f) = f**3 + 17*f**2 - 22*f - 42. Determine o(-18).
30
Let h(f) = -f**2 - f + 16. Determine h(0).
16
Let d(j) = j**3 - 6*j**2 + 3*j - 3. Give d(5).
-13
Let t(o) = -o**3 + 4*o**2 + 8*o - 11. Determine t(4).
21
Let h(k) = -2*k**3 - 47*k**2 + 33*k + 218. What is h(-24)?
2
Let g(x) = x**3 - 12*x**2 - 4*x + 43. Determine g(12).
-5
Let m(j) = j + 1. Give m(8).
9
Let c(h) = -5*h**2 - 26*h - 13. Give c(-4).
11
Let n(y) = y**2 - 3*y + 4. What is n(6)?
22
Let v(n) = -3*n**2 - n - 2. What is v(-1)?
-4
Let q(i) = 4*i**2 - 36*i - 44. What is q(10)?
-4
Let u(k) = -68*k**3 - 1. Calculate u(1).
-69
Let r(u) = -6*u + 299. Give r(49).
5
Let p(g) = -g**2 - 14*g - 8. Give p(-14).
-8
Let m(j) = 7*j - 14. Calculate m(5).
21
Let b(m) = -m**2 - 6*m + 12. What is b(-11)?
-43
Let u(v) = v**3 - v**2 - 9*v + 3. Determine u(0).
3
Let p(f) = 2*f + 45. Give p(-26).
-7
Let p(b) = b**3 - 3*b**2 + 2*b - 4. Determine p(5).
56
Let u(a) = -a**3 - 29*a**2 - 29*a - 21. Give u(-28).
7
Let v(j) = j**3 + 4*j**2 - 4. Give v(-4).
-4
Let q(p) = -3*p + 64. Calculate q(23).
-5
Let g(b) = -b - 10. Calculate g(-15).
5
Let u(q) = q**3 + q**2 - 2*q - 2. Determine u(-1).
0
Let d(j) = -j**3 - j**2 + j + 8. Calculate d(0).
8
Let j(a) = 2*a**3 - 59*a**2 - 30*a - 4. Calculate j(30).
-4
Let p(b) = -3*b**2 + 13*b + 2. Give p(5).
-8
Let b(w) = -w**2 - 13*w - 22. Determine b(-11).
0
Let l(x) = 15*x - 5. Give l(5).
70
Let w(m) = 2*m**2 - 6*m + 6. Calculate w(3).
6
Let h(v) = -v**3 - 2*v**2 + v - 55. Calculate h(0).
-55
Let f(l) = -l + 3. What is f(-1)?
4
Let j(u) = -15*u + 117. Calculate j(10).
-33
Let w(z) = z**2 + 2*z - 12. Give w(4).
12
Let h(x) = 37*x - 2. What is h(4)?
146
Let m(k) = k**2 - 8*k - 2. Determine m(3).
-17
Let h(u) = -2*u**2 - 5*u + 4. Determine h(-5).
-21
Let u(d) = 38*d - 11. Calculate u(-1).
-49
Let m(x) = -x**3 + 5*x**2 - 3*x + 6. Determine m(4).
10
Let p(s) = -s**2 - 12*s. Calculate p(-10).
20
Let c(z) = -z**2 + 11*z - 9. Give c(5).
21
Let n(q) = 2*q**2 - 10*q - 26. Determine n(9).
46
Let m(w) = -119*w + 593. Give m(5).
-2
Let s(z) = -z + 5. Determine s(7).
-2
Let m(r) = r - 3. Determine m(7).
4
Let a(c) = -c**2 + c - 9. Calculate a(0).
-9
Let j(m) = -3*m + 16. Determine j(7).
-5
Let r(f) = -f**3 + 5*f**2 + 2*f - 12. Give r(5).
-2
Let x(s) = -2*s**2 + 15*s + 76. Determine x(11).
-1
Let k(l) = l**3. Give k(-2).
-8
Let m(y) = -y**2 + 11*y. Determine m(11).
0
Let j(b) = 9*b**2 - 10*b + 10. What is j(2)?
26
Let j(w) = w**2 + 10*w + 34. Determine j(-7).
13
Let r(g) = -g**2 + 6*g - 3. Give r(3).
6
Let f(v) = -7*v. Give f(5).
-35
Let b(c) = -2*c**2 - 26*c - 22. What is b(-12)?
2
Let r(c) = c**3 - 4*c**2 - 11*c - 2. Calculate r(6).
4
Let i(s) = s - 21. What is i(-5)?
-26
Let g(d) = 14*d + 58. Give g(-6).
-26
Let w(g) = -2*g**2 - 18*g + 73. What is w(3)?
1
Let n(u) = 4*u + 260. What is n(-64)?
4
Let o(u) = 2*u**2 + 13*u + 5. Calculate o(-5).
-10
Let n(a) = -a**3 - 59*a**2 - 112*a + 110. Give n(-57).
-4
Let s(m) = m**2 + 14*m + 44. Give s(-9).
-1
Let y(r) = -2*r + 1. Calculate y(-8).
17
Let i(j) = -j**3 + 30*j**2 - 26*j - 23. Calculate i(29).
64
Let f(q) = -q**2 - 5*q - 8. Determine f(-4).
-4
Let f(m) = -22*m + 18. Calculate f(3).
-48
Let y(v) = -31*v**2. What is y(-1)?
-31
Let a(i) = i**3 - 15*i**2 - 19*i - 5. Give a(16).
-53
Let o(t) = 2*t**3 + 14*t**2 + 18*t - 13. Give o(-5).
-3
Let s(i) = -i**3 - 22*i**2 - 19*i + 29. Calculate s(-21).
-13
Let y(c) = -c**2 + 4*c + 6. Calculate y(6).
-6
Let m(k) = 8*k - 289. Calculate m(36).
-1
Let v(n) = n**3 + 46*n**2 - 46*n + 58. Determine v(-47).
11
Let y(d) = -2*d - 22. Calculate y(0).
-22
Let v(k) = -k**3 - 7*k**2 - 2*k + 1. Determine v(-6).
-23
Let x(o) = o**3 + o - 40. Determine x(0).
-40
Let g(i) = i**3 - 10*i**2 - i - 1. Give g(9).
-91
Let w(f) = f**2 - 17*f + 23. Give w(16).
7
Let u(a) = -7*a + 22. Give u(4).
-6
Let f(z) = 7*z + 8. What is f(-5)?
-27
Let v(g) = -g**2 - 20*g + 121. Determine v(-25).
-4
Let n(i) = -4*i**2 - 13*i + 11. Determine n(-4).
-1
Let f(x) = x**3 + 6*x**2 + 6*x + 2. What is f(-4)?
10
Let l(m) = -m**2 - 10*m - 11. What is l(-6)?
13
Let a(u) = 10*u - 374. Calculate a(37).
-4
Let i(c) = 6*c - 49. Calculate i(10).
11
Let m(j) = -4*j + 131. What is m(36)?
-13
Let w(q) = -q**3 - 15*q**2 + q - 1. What is w(-15)?
-16
Let i(g) = g**2 + 13*g - 49. What is i(-17)?
19
Let q(r) = r**2 + 21*r + 54. Calculate q(-18).
0
Let p(a) = 2*a**2 + 24*a - 6. Calculate p(-12).
-6
Let m(w) = -w**3 - 6*w**2 - 5*w - 3. What is m(-5)?
-3
Let j(n) = -n**3 + 7*n**2 + n + 6. What is j(7)?
13
Let j(w) = 3*w - 44. Determine j(16).
4
Let w(v) = -2*v + 27. Give w(10).
7
Let t(k) = 11*k - 3. Determine t(2).
19
Let g(q) = -14*q + 55. Determine g(7).
-43
Let t(z) = -z**3 - 9*z**2 + 10*z + 4. Determine t(-10).
4
Let m(n) = -3*n - 7. What is m(-6)?
11
Let j(a) = a**3 - 7*a**2 + 5. Determine j(7).
5
Let j(r) = 3*r**3 + 8*r**2 - 3*r + 11. Determine j(-4).
-41
Let t(s) = -5*s**2 - 7*s - 1. Calculate t(-3).
-25
Let j(g) = g**2 - 22*g + 94. Determine j(15).
-11
Let k(r) = r**2 - 55*r - 441. What is k(62)?
-7
Let r(x) = -10*x + 23. Calculate r(3).
-7
Let t(m) = m - 5. Give t(-5).
-10
Let z(o) = 24*o - 11. Give z(-2).
-59
Let w(h) = -h**3 + h**2 - 4. Give w(-2).
8
Let m(i) = i**2 - 6*i - 10. What is m(8)?
6
Let d(c) = -16*c - 1. Determine d(-7).
111
Let b(l) = l + 8. Give b(0).
8
Let c(m) = 8*m + 83. Determine c(-11).
-5
Let a(w) = -12*w - 4. What is a(-4)?
44
Let f(v) = v**2 + v - 8. Calculate f(6).
34
Let w(j) = 12*j - 246. Give w(20).
-6
Let c(s) = 12*s**3 - s + 5. Give c(2).
99
Let u(b) = 24*b - 54. Determine u(6).
90
Let m(b) = b**2 + 32*b + 271. Calculate m(-18).
19
Let a(s) = 3*s**3 + 9*s**2 + 8*s + 5. Calculate a(-2).
1
Let i(t) = -t - 26. Determine i(-13).
-13
Let h(y) = -2*y**2 - 10*y + 15. What is h(-6)?
3
Let t(v) = -v**3 - 10*v**2 - 4*v + 3. What is t(-9)?
-42
Let w(p) = -2*p**2 - 2*p + 9. What is w(0)?
9
Let t(l) = -3*l**2 + l + 1. Calculate t(2).
-9
Let w(z) = -10*z + 18. Give w(5).
-32
Let p(t) = -4*t**2 - 6*t + 12. Calculate p(-4).
-28
Let n(d) = -2*d + 4. Determine n(-1).
6
Let l(v) = -19*v**2 + 35*v + 4. What is l(2)?
-2
Let o(r) = r + 8. Give o(13).
21
Let o(h) = h**2 + 7*h - 4. What is o(-7)?
-4
Let b(k) = -k**2 - 6*k - 1. Give b(-5).
4
Let j(c) = c**3 - 10*c**2 - 17*c + 56. Determine j(11).
-10
Let v(w) = w**3 - w**2 + w - 30. Calculate v(0).
-30
Let a(z) = -2*z**2 - z + 7. What is a(5)?
-48
Let h(p) = -4*p + 28. Determine h(6).
4
Let t(v) = -v**2 - 6*v - 12. Give t(-5).
-7
Let x(g) = -g**3 - 3*g**2 + 12*g + 13. Calculate x(3).
-5
Let s(d) = d**3 + 5*d**2 - 6*d - 7. What is s(-6)?
-7
Let i(q) = 5*q**2 + 2*q - 4. What is i(1)?
3
Let g(c) = c**3 - 2*c**2 - 7*c + 4. What is g(4)?
8
Let o(b) = -11*b**2 - 2. Calculate o(-2).
-46
Let n(c) = -3*c**2 - 2